 2*b. What are the prime factors of z?
3, 7
Suppose 2*f + 6*n = -24, 3*n + 8 = 3*f + n. Let q(u) = u**3 - 2*u**2 + 2*u + 230. What are the prime factors of q(f)?
2, 5, 23
Let x be (-6)/1 + 4 + 1/(-1). Let w be (11 - 10)*(-1 - x). Suppose -j + 4*p = 1 - 5, 3*j + w*p - 40 = 0. List the prime factors of j.
2, 3
Suppose 0 = 3*t + 110 - 164. Suppose t*n - 12860 - 874 = 0. What are the prime factors of n?
7, 109
Suppose 3*q - 1762 = -5*r, 3*r + 2*r = 6*q - 3494. Let x be 3*(1 - 0) + 357. Let u = q - x. List the prime factors of u.
2, 7
Suppose -31*h - 27761 = -32*h + 4*j, 0 = 3*j + 21. List the prime factors of h.
27733
Let w = 62 + -59. Suppose 4*i = -2*u + 416, 434 = 4*i + w*u + 20. What are the prime factors of i?
3, 5, 7
Suppose -28*u + 33*u - 1734898 = -102*u. What are the prime factors of u?
2, 11, 67
Let z(a) = a**3 + 7*a**2 - 16*a - 1. Let r be z(2). List the prime factors of ((-962)/3)/((-2)/r).
13, 37
Let v be 180/27 - 25/15. Suppose 0 = -c + 3, -4*d - v*c = -0*d - 1295. List the prime factors of d.
2, 5
Let a(v) = -9*v**3 + 12*v**2 + 51*v + 443. List the prime factors of a(-15).
7, 4679
Let g(o) be the second derivative of 2*o**4/3 - 7*o**3/6 + 10*o**2 - 42*o + 3. What are the prime factors of g(4)?
2, 3, 5
What are the prime factors of (-97344)/(-13) + ((-10)/(-4))/((-3)/6)?
7, 1069
Suppose 0 = 2*l - 4, 0 = -5*p + 8*l + 3066 + 7873. List the prime factors of p.
7, 313
Suppose 1788 = -19*b + 21*b. Suppose -14*w = -17*w + b. List the prime factors of w.
2, 149
Let j be (-4)/18 + 266/(-441)*-7. Suppose -i + 676 = j*r, -10*i + 1373 = -8*i + r. What are the prime factors of i?
2, 43
What are the prime factors of (-56)/(2520/(-135)) + 8953/(2 - 1)?
2, 2239
Suppose 0 - 48 = -2*t - 5*w, -48 = -2*t - 3*w. Let j(r) = -30*r**3 - 6*r**2 - 3*r - 6. Let a be j(-4). Suppose t*m - 14*m - a = 0. List the prime factors of m.
3, 61
Let w(v) = -v**2 - 17*v - 6. Let s(m) = m**3 - 8*m**2 + 10*m - 7. Let k be s(7). Suppose -4*h + k = -5*h. List the prime factors of w(h).
2, 3
Suppose 0*h + h + 4*h = 0. Let u be -29 + (0 - (2 - h)). Let g = 137 + u. What are the prime factors of g?
2, 53
What are the prime factors of 322/138 - 96598/(-6)?
2, 83, 97
Let r be (-49416)/22 - 16/(-88). List the prime factors of r/(-18) + (204/54)/17.
5
Let m(d) = 15*d - 290. Let p be m(19). What are the prime factors of 5/(-1)*(-10 + 200/p)?
2, 5
Let o = 699 - -179. Suppose -1800 = -13*g + o. List the prime factors of g.
2, 103
Suppose 0 = 3*t + r - 2775, -t + 925 = 2*r - 6*r. Suppose -5*g = -2*w - t + 60, -3*g + 4*w = -533. What are the prime factors of g?
3, 19
Suppose 0 = 21*c + 43 - 127. Suppose 0*u = -c*u. Suppose -2*i - 3*d + 107 = -175, u = -2*i - 4*d + 280. List the prime factors of i.
2, 3
Let a(d) be the third derivative of 7*d**4/6 + 161*d**3/6 + 46*d**2. List the prime factors of a(0).
7, 23
Let t(c) = 2*c**2 + 27*c + 125. Let w be t(-6). Let n(m) = 33*m - 22. What are the prime factors of n(w)?
11, 103
Let z = 27906 + 54371. What are the prime factors of z?
13, 6329
Suppose 4241302 = 446*a - 1557144. What are the prime factors of a?
13001
Let z = 103 - 40. Let l = z + -39. Suppose -l*u = -29*u + 265. List the prime factors of u.
53
Suppose -h = -3*h - 5*m + 11, -5*h = -3*m - 12. Suppose h*d - 14 = -3*w - 5, -5*w = -2*d - 29. List the prime factors of ((-5)/(-9))/(w/15)*54.
2, 3, 5
What are the prime factors of (-18204)/(-8) - 9/2?
3, 757
Let o(t) = -2*t**2 - 8*t + 5. Let j be o(-4). Suppose 5*l - 2558 = -5*b + 2047, -j*l = 2*b - 4620. List the prime factors of l.
2, 463
Let j = -116 + 60. Let u = -287 - -456. Let f = j + u. List the prime factors of f.
113
Let x(f) = -2*f**2 + 6*f + 595. Suppose -4*z - 12 = -0*z, -w + z = -3. What are the prime factors of x(w)?
5, 7, 17
Suppose -2*k + 4*w = 0, k = -3*k + 4*w + 4. Let t(j) = 12*j - 34*j**k + 8*j - 38*j**2 + 8 + 90*j**2. List the prime factors of t(-4).
2, 3
Let a = -31 + 33. Suppose -2*t - 2 = -2*f, 0 = -a*t + 9*f - 8*f - 4. What are the prime factors of -1*6/9*t?
2
Let r(g) = -g**3 + 65*g**2 - 61*g - 227. What are the prime factors of r(62)?
7523
Let k(g) be the first derivative of 17*g**3/2 - 6*g**2 + 29*g - 1. Let x(n) be the first derivative of k(n). What are the prime factors of x(3)?
3, 47
Suppose -19*q = -21*q + 46398. What are the prime factors of q?
3, 11, 19, 37
Suppose -4*q = -19 - 9. Suppose q*o - 2045 = 2*o. Suppose o = 3*b - 8. What are the prime factors of b?
139
Suppose 180 = 21*m - 18*m. What are the prime factors of (58/5)/(6/m)?
2, 29
Let k(g) = -g**3 - 9*g**2 + 22*g + 2. Let y(h) = -h**2 + 9*h - 19. Let n be y(8). Let i be k(n). Suppose 59 = -z + i*z. What are the prime factors of z?
59
Suppose 20*h - 99495 - 74385 = 0. What are the prime factors of h?
2, 3, 7, 23
Suppose 10*u - 1411794 + 304911 = -47*u. List the prime factors of u.
3, 6473
Let c = 44 + -41. Suppose h + 3*h = -2*w + 58, -4*w = h + c. Suppose -h*u = -18*u + 77. List the prime factors of u.
7, 11
Suppose 2*b + 4*g = -6, -4*b - b + 3 = 4*g. Let w(t) = 10*t**3 - 2*t**2 - 4*t - 3. List the prime factors of w(b).
3, 79
List the prime factors of 1/(-9) + 0 + (-13134593)/(-261) + 23.
11, 23, 199
Suppose 0*t - 2*f = -5*t + 435, -3*t + 261 = -f. Let v = 234 + t. Suppose -414 = -4*n - 3*j + 1, -3*n + j + v = 0. What are the prime factors of n?
2, 53
Suppose c - 5*b + 93 = 0, 5706*b = c + 5710*b + 111. Suppose -3*d + 296 + 67 = 0. Let m = d + c. What are the prime factors of m?
2, 3
Let k = 25 + 86. Let m = k - -39. List the prime factors of m.
2, 3, 5
Suppose 99*s - 85*s - 113022 = 0. List the prime factors of s.
3, 13, 23
Let f(d) = -d**3 - 15*d**2 - 25*d + 15. Let x be f(-13). Suppose -1344 = 5*c - 6*c + x*o, c = -5*o + 1323. What are the prime factors of c?
2, 3, 223
Suppose -201*z + 6048 = -197*z. Suppose 2*u + o = 3021, 4*u - 2*o + z = 5*u. What are the prime factors of u?
2, 5, 151
Let m = 28 + -31. Let b(n) = -20*n - 24. Let i(p) = -p - 2. Let j(s) = 4*b(s) - 48*i(s). List the prime factors of j(m).
2, 3
Suppose 29*j - 634 = 31*j. Let s = 8 - j. List the prime factors of s.
5, 13
Suppose 35 = -30*y + 37*y. Suppose y*z = 5, -5*z - 1214 = q - 2*q. Suppose 0 = -15*s + 296 + q. List the prime factors of s.
101
Suppose -15*v + 10092 - 2412 = 0. Let j = 467 + v. List the prime factors of j.
11, 89
Suppose -3*a = 57*k - 60*k + 25122, -5*k + 4*a = -41870. List the prime factors of k.
2, 53, 79
Let y be 744*-11*1/(-33). Let j be (-18)/(5/((-255)/2)). Let f = j - y. List the prime factors of f.
211
Let m = 328 - 280. Suppose -m*n = -46*n - 604. What are the prime factors of n?
2, 151
Let y(q) = 8*q**2 - 8*q - 110. Let i be y(18). Suppose -2*h - 2*x = -2328, 2*h + 75*x - i = 71*x. List the prime factors of h.
19, 61
Let b(a) = a**3 - 12*a**2 - a + 18. Let f be b(12). Suppose f*g = -g + 322. Suppose 0 = 4*i - 2*u - g, -8*i + 60 = -3*i - 2*u. What are the prime factors of i?
2, 7
Let k(n) = -96*n + 198. Let q be k(26). Let r = q - -3310. What are the prime factors of r?
2, 11, 23
Let q(a) = -9*a + 6*a + 0*a + 0*a + 3. Let r be q(-15). Suppose -r - 16 = -8*d. What are the prime factors of d?
2
Suppose -9*o = 32*o - 174537. Suppose -54*k + 45*k = -o. What are the prime factors of k?
11, 43
Let m = -75032 + 160492. What are the prime factors of m?
2, 5, 4273
Suppose 4*x = -5*o + 1542, 0 = -11*x + 7*x + 5*o + 1522. What are the prime factors of x - (2 - 2 - (-7 + 3))?
379
Let b(u) = -9*u**2 + 7*u - 2. Let n(t) = 3*t - 1. Let q be n(1). Let a be b(q). What are the prime factors of 9/(162/a)*(-111)/2?
2, 37
Suppose -3*b + q = -25957, -140*b - 4*q = -138*b - 17300. List the prime factors of b.
2, 3, 7, 103
Suppose 0 = 9*j + 14*j - 73 - 157. Let q(m) = m**3 + 6*m**2 + 2. Let o be q(-6). What are the prime factors of o/4*80/10*j?
2, 5
What are the prime factors of -6*(-6)/72*-16 - -23321?
3, 19, 409
Suppose 9*w = -5*h + 16664, -h + 1604 + 1728 = 2*w. List the prime factors of h.
2, 5, 167
Let z be 36/(6 - 980/165). What are the prime factors of z + ((-30)/(-5) - 6)?
2, 3, 11
Suppose 0*r + 2*r = -5*q + 10834, 8 = 2*q. What are the prime factors of r?
5407
Let w = -124 + 124. Suppose w = -2*c + 56*c - 83214. List the prime factors of c.
23, 67
Let k = -1620 + 3067. Suppose s - 3*o = k, 5*s = 5*o + 9680 - 2405. What are the prime factors of s?
1459
Let a(p) 